 + (2/o - -21).
14
Let y = 2 + 13. Let n(q) = -1 - 1 + 5*q - 4*q + q**2. What is the remainder when n(-6) is divided by y?
13
Let c be (5/(-5))/((-1)/4). Calculate the remainder when 25 is divided by (2/c)/(12/312).
12
Suppose -2*w = -10, -5*p = -3*p + 4*w - 158. What is the remainder when p is divided by 24?
21
Let b = 2 + 4. Let c be 1/(-2) - (-57)/b. Calculate the remainder when -2 + (c - (1 + -3)) is divided by 5.
4
Suppose t = -2*t + 5*y + 6, -4*t + 43 = 5*y. Calculate the remainder when t is divided by 3.
1
What is the remainder when 83 is divided by (4 - 2)/(-2)*-28?
27
Suppose 540 = 4*k - k. Suppose 3*x = -2*s + x + k, -4*x + 455 = 5*s. What is the remainder when s is divided by 32?
31
Suppose -101*y = -102*y + 179. Calculate the remainder when y is divided by 30.
29
Let y(h) = -h**3 + 5*h**2 - 4*h + 5. Let g be y(4). What is the remainder when 29 is divided by 2*g*1/1?
9
Suppose 3*u - 116 = 64. Suppose u + 0 = 5*t + 5*n, 0 = 4*t + 2*n - 54. Calculate the remainder when t is divided by 4.
3
Calculate the remainder when 31 is divided by 18/6 - 3*-3.
7
What is the remainder when (-16)/56 - 396/(-14) is divided by 10?
8
Let w = 44 + -38. Suppose 81 = 5*t - c, -3*t + 5*c + 0*c + 53 = 0. Calculate the remainder when t is divided by w.
4
Calculate the remainder when 6 is divided by 20/12*(-36)/(-20).
0
Let c = 25 - 8. Let z = -2 - -51. Calculate the remainder when z is divided by c.
15
Let j be ((-2)/4)/(2/(-20)). Suppose j*k + 5*v = 195, 2*k + 3*k - 201 = v. What is the remainder when k is divided by 14?
12
Suppose 0 = 4*m - 68 + 12. Let j(t) = -6*t - 3*t + 7 - t**2 - 3*t + 0*t. What is the remainder when j(-8) is divided by m?
11
Let l(u) = 10*u - 8. Suppose -5*p = -0*p + 15, -3*s - 3*p = -54. What is the remainder when s is divided by l(2)?
9
Let m be 1/(3/33*1). Suppose 29 = -2*v - m. What is the remainder when (-12)/v + 444/10 is divided by 16?
13
Let i be (16/4)/1 + -1. Suppose -5*z = -25, -2*z = -3*m + 8*m - 60. What is the remainder when m is divided by 3 - (i + 12/(-3))?
2
Let n = -13 + 21. What is the remainder when n is divided by ((-384)/56)/8*(-42)/9?
0
Let u(r) = r + 6. Let v be u(-6). Suppose 0*b - 2*b + 4*h - 4 = v, -4*h = -5*b + 8. Suppose 2*t = -0*t + 20. What is the remainder when t is divided by b?
2
Calculate the remainder when 61 is divided by (-42)/(-35)*5/4*14.
19
Suppose 4*l - 59 = 5*b, 5*l = -b - b + 115. Let u be 511/(-35) - 2/5. Let v = 21 + u. What is the remainder when l is divided by v?
3
Let w(z) = -13*z**3 - 4*z**2 - 2*z + 1. What is the remainder when 21 is divided by w(-1)?
9
Let c = 6 + -3. What is the remainder when 11 is divided by c?
2
Let a(d) = -d + 32. Let k be a(0). Calculate the remainder when k/(-72)*18/(-4) is divided by 2.
0
Suppose -2*k = -2*i - 122, 0*k - 3*k + 191 = i. What is the remainder when k is divided by 13?
11
Suppose -40 = -5*a - 0*a. What is the remainder when 1/8 + ((-207)/(-8) - -3) is divided by ((-30)/a)/((-2)/8)?
14
Let m(u) = -u**3 - 7*u**2 + 9*u + 8. Let q be 3/12 - (-66)/(-8). Let r be m(q). Let p = 19 + r. Calculate the remainder when p is divided by 7.
5
Suppose 21 = 3*o - 2*k, -o - 4*k = -2*o - 3. Let l(h) = -9 - h**2 + o + 34. Calculate the remainder when l(0) is divided by 12.
10
Let c(x) be the first derivative of 2*x**2 + 3*x - 2. Let k(g) = -g + 21. Calculate the remainder when c(7) is divided by k(10).
9
Suppose -4*u = -3*g + 5*g + 332, 4*u + 338 = g. Let b = 70 - 39. Calculate the remainder when b is divided by u/(-7) - 1/1.
9
Suppose -112 = -5*g - 42. What is the remainder when 52 is divided by g?
10
Let t(i) = 6*i**3 - 2*i**2 + 1. Let v = -1 + 2. Let k be t(v). Let z = 8 - k. Calculate the remainder when z is divided by 1.
0
What is the remainder when ((-1)/(-2))/(1/178) is divided by 45?
44
Let c(d) = d**2 - 7*d + 7. Let s be c(7). Suppose -2*y = -s*y + 10. Suppose -6 = -y*b + 10. Calculate the remainder when b is divided by 5.
3
Let q(z) = z + 4. Let a be q(0). Let x = a - -4. Let o(v) = v**3 - 2*v**2 + 2*v - 1. Calculate the remainder when x is divided by o(2).
2
Suppose 0 = -34*r + 31*r + 123. Calculate the remainder when r is divided by 2/(-8) + 114/8.
13
Let b = -65 + 74. What is the remainder when 51 is divided by b?
6
Let x = 5 + -2. Calculate the remainder when x is divided by 3.
0
Let y = -3 - 1. Suppose -4*z + 11 + 37 = 0. Calculate the remainder when (35*1)/(y - -5) is divided by z.
11
Let f(t) = 3*t - 5. Suppose -51 = 5*p - 8*p. Let m(j) = 9*j - 15. Let x(k) = p*f(k) - 6*m(k). Calculate the remainder when 59 is divided by x(-5).
19
Let u(x) = -x**2 - 6*x - 1. Let k be u(-5). Suppose 2*a - 3*a = -k*y - 25, y = 5*a - 30. Calculate the remainder when 8 is divided by a.
3
Let j(r) = -4*r**3 - 2*r**2 + r + 1. Let z(c) = 5*c**3 + c**2 - 2*c - 1. Let k(o) = 4*j(o) + 3*z(o). What is the remainder when 32 is divided by k(-5)?
10
Let w = -11 - -18. Suppose 2*d + 4 = 4*d. What is the remainder when w is divided by d?
1
Suppose 0 = 2*j - 5*x - 29, -2*j + 0*j + 4*x = -24. Suppose j*u - 17 + 1 = 0. What is the remainder when 14 is divided by u?
6
Suppose -4*f + 0*m = 5*m + 4, -5*m = 5*f. Let n(b) = -2*b + b**2 - 8 + 12 - 1. Calculate the remainder when 20 is divided by n(f).
9
Let w(r) = r**3 + 8*r**2 - 22*r + 10. Calculate the remainder when 87 is divided by w(-10).
27
Suppose 7 - 1 = 2*d. Suppose 0 = j + d*j - 44. What is the remainder when j is divided by 6?
5
Suppose 4*x - 52 = -5*j, -5*j + 0*j = -2*x + 26. Calculate the remainder when 51 is divided by x.
12
Let r = -42 - -74. Calculate the remainder when r is divided by 11.
10
Let k(w) = 13*w. Let o be k(1). Suppose 3*d = 2*y + 29, 2*d - 5*y - o = 3*d. What is the remainder when d is divided by (6/(-5))/(6/(-20))?
3
Suppose -5*v - 2*s + 21 = -s, 2*s = -v + 6. Suppose -3*a - 2*o + 13 = 0, -3*a - v*o = -6 + 1. What is the remainder when a is divided by (-4 + 0)/(-4) + 2?
1
Suppose 5 = -3*c + 11, -4*l - 4*c = -20. Suppose -3*b + 41 = b - w, l*w = -5*b + 47. Calculate the remainder when b is divided by 1/(0 + 1) + 3.
2
Suppose 108 = -4*r + 284. Suppose -6*f = -2*f - r. Calculate the remainder when 31 is divided by f.
9
Let r = 104 - 70. Let c = 108 + -99. Calculate the remainder when r is divided by c.
7
Let c = -117 + 199. What is the remainder when c is divided by 12?
10
Let j(z) = 3*z**2 + 3*z + 3. Let f = 40 + -35. Calculate the remainder when j(-2) is divided by f.
4
Let n be -56 - 0 - (-2 + 0). Calculate the remainder when (-2 + 0)/(-2) - n is divided by 19.
17
Let f(b) = -b + 7. Let j be f(6). Let p = 1 + j. What is the remainder when (-1 - 0)/(1/(-3)) is divided by p?
1
Suppose -4*u = -4*v + 12, 4*u = -4*v + 7*u + 14. Suppose 0 = v*n - 2*n - 21. Let a(z) = 2*z + 2. What is the remainder when a(8) is divided by n?
4
Suppose 52 = 3*n - 5*v, -4*n = v - 4*v - 62. Let a(f) = 2*f + 1. Calculate the remainder when n is divided by a(2).
4
Suppose -r = 1 + 5. What is the remainder when 55 is divided by 464/(-24)*r/4?
26
Suppose -4*s + 218 = -5*r, -3*s - 2*r + 23 + 152 = 0. Calculate the remainder when s is divided by 20.
17
Let u = 55 - 59. Let a(y) be the second derivative of y**5/20 + y**4/3 - y**3/2 + y**2/2 + y. What is the remainder when 38 is divided by a(u)?
12
Let g(s) = 73*s**2 - s. What is the remainder when g(1) is divided by 15?
12
Calculate the remainder when (-1)/(-4) - (-301)/28 is divided by 6.
5
Let z = 5 - -21. What is the remainder when 205 is divided by z?
23
Let q(h) = 24*h - 52. What is the remainder when q(5) is divided by 21?
5
Suppose 7*d - 60 = 3*d. Calculate the remainder when 72 is divided by d.
12
Let t = -12 - -17. Suppose 9 = -r + 4*z + 30, t*z - 3 = -2*r. What is the remainder when r is divided by (1 - 2)/((-1)/5)?
4
Suppose -7 = -l + 5. What is the remainder when 46 is divided by l?
10
Let v(q) = 3*q**3 - 2*q**2 - 2*q + 3. Let l be v(2). Suppose 2*b + b - l = 0. Calculate the remainder when b is divided by 4.
1
Calculate the remainder when 2 + 4 + -7 - -68 is divided by 34.
33
Suppose 4*v + 32 = 5*p, -v - 19 = -4*p - 0*v. Suppose 31 = 2*n - 35. Calculate the remainder when n is divided by (-24)/9*(-18)/p.
9
Let z(b) = -b**2 - 10*b - 8. Suppose -r + 14 = 6. Calculate the remainder when z(-7) is divided by r.
5
Suppose 3*z - 14 = -3*u + 2*u, 4*z = u - 7. Suppose -50 - 140 = -10*